
176
Calculate the greatest common factor of 896 and 24732512.
224
Calculate the highest common divisor of 1040 and 558285.
65
What is the greatest common factor of 69 and 352599108?
69
Calculate the greatest common divisor of 36731508 and 1716.
132
What is the greatest common factor of 68419 and 2344771?
247
Calculate the highest common factor of 144493831 and 3539.
3539
What is the highest common factor of 3491688 and 1128?
24
Calculate the greatest common divisor of 6389838 and 376.
94
Calculate the greatest common divisor of 42908 and 497692.
68
What is the greatest common divisor of 19967401 and 213?
71
Calculate the greatest common factor of 160 and 2062240.
160
What is the highest common divisor of 2599 and 378734077?
2599
Calculate the greatest common factor of 20354028 and 570.
6
What is the greatest common factor of 689489271 and 57?
57
What is the greatest common factor of 631418650 and 835?
835
What is the greatest common factor of 1065 and 357294720?
1065
What is the highest common factor of 34 and 2809486?
2
What is the highest common divisor of 64395 and 5955?
15
Calculate the greatest common factor of 12720 and 227280.
240
What is the highest common divisor of 630 and 7367310?
90
What is the greatest common divisor of 81465114 and 574?
82
Calculate the highest common factor of 57 and 83875443.
57
What is the greatest common factor of 1256268 and 30?
6
What is the greatest common divisor of 15825 and 56385?
15
Calculate the greatest common factor of 7 and 1991388.
7
Calculate the highest common divisor of 27776 and 1227848.
248
Calculate the greatest common divisor of 80408 and 47794.
46
What is the highest common divisor of 812286 and 49914?
18
What is the highest common divisor of 2134 and 1064514?
22
What is the greatest common divisor of 109027192 and 7264?
1816
What is the greatest common factor of 10314 and 29707567?
191
What is the greatest common divisor of 64 and 12490304?
64
Calculate the highest common factor of 3713227 and 1596.
133
What is the greatest common divisor of 253421 and 63427?
287
Calculate the greatest common divisor of 4599 and 516537.
63
Calculate the highest common factor of 102 and 541433.
17
What is the highest common divisor of 17 and 1675607?
1
What is the highest common factor of 28215 and 1120845?
165
Calculate the greatest common divisor of 750610 and 5250.
70
What is the greatest common divisor of 12789 and 735759?
261
What is the highest common factor of 26485697 and 14?
7
What is the highest common factor of 18020 and 21808705?
4505
What is the greatest common divisor of 9550430 and 255?
85
What is the greatest common factor of 723726 and 11346?
186
What is the highest common divisor of 3640 and 444010?
70
What is the greatest common divisor of 176 and 2379531?
11
Calculate the greatest common divisor of 23871616 and 1696.
32
What is the greatest common factor of 7819 and 7952?
7
What is the highest common divisor of 58331 and 73619?
91
Calculate the greatest common divisor of 852677612 and 17620.
3524
What is the greatest common factor of 64134816 and 10860?
2172
Calculate the greatest common factor of 335879361 and 81.
9
What is the greatest common factor of 88369749 and 2691?
2691
What is the greatest common divisor of 53550 and 50184?
306
What is the highest common divisor of 430218 and 25668?
558
What is the highest common divisor of 4446 and 4006834?
494
What is the highest common factor of 5700559 and 8381?
493
Calculate the greatest common factor of 130911 and 7128.
33
What is the highest common factor of 743062 and 23162?
626
Calculate the highest common factor of 67137540 and 3252.
3252
What is the greatest common factor of 891 and 912465?
81
What is the highest common factor of 124 and 4744?
4
Calculate the highest common factor of 48288976 and 816.
272
Calculate the greatest common factor of 85044800 and 20.
20
What is the greatest common factor of 612721 and 3?
1
What is the greatest common divisor of 347026 and 24936?
2078
Calculate the highest common divisor of 1882 and 205533220.
1882
What is the greatest common factor of 41599 and 7676239?
2447
What is the highest common divisor of 29435400 and 32568?
552
What is the highest common divisor of 611 and 87902009?
13
What is the greatest common factor of 10 and 6078895?
5
What is the highest common factor of 7436 and 2105168?
52
Calculate the highest common divisor of 930 and 48943110.
930
What is the highest common factor of 149868 and 28134?
18
Calculate the greatest common divisor of 23032184 and 584.
8
What is the highest common factor of 11898 and 22373528?
1322
Calculate the greatest common divisor of 23178857 and 169.
169
What is the highest common factor of 1146 and 24467482?
382
Calculate the greatest common factor of 437380133 and 4085.
817
Calculate the highest common divisor of 129354621 and 1419.
1419
Calculate the greatest common factor of 401433 and 2.
1
What is the highest common divisor of 36 and 7795620?
36
What is the greatest common factor of 870 and 118897970?
290
Calculate the highest common divisor of 2525 and 675575.
25
Calculate the greatest common factor of 13684 and 162653.
311
Calculate the highest common factor of 1331040 and 330504.
1128
What is the highest common divisor of 114 and 8403947?
19
Calculate the greatest common divisor of 323 and 106703924.
19
What is the highest common factor of 1593 and 4235256?
531
Calculate the greatest common divisor of 976877093 and 4727.
4727
Calculate the highest common factor of 7632 and 87588.
36
What is the highest common factor of 33345 and 41939859?
741
What is the greatest common factor of 135730892 and 12?
4
What is the highest common divisor of 144113 and 266370?
683
What is the highest common divisor of 20294 and 440213?
139
What is the greatest common factor of 7 and 480452?
7
What is the highest common divisor of 706741 and 9639?
119
Calculate the highest common factor of 1672 and 20291183.
209
What is the greatest common divisor of 25 and 36301950?
25
What is the highest common divisor of 6579 and 193987629?
153
Calculate the greatest common factor of 5360230 and 690.
10
Calculate the highest common divisor of 978880 and 898624.
1216
What is the greatest common factor of 3850 and 501200?
350
What is the greatest common factor of 18 and 18522474?
6
Calculate the greatest common divisor of 840 and 27187800.
120
Calculate the greatest common divisor of 166726143 and 9.
9
Calculate the greatest common divisor of 7214524 and 22468.
164
Calculate the highest common divisor of 2899456 and 480.
32
What is the highest common divisor of 403461 and 3143011?
4981
What is the highest common factor of 16943272 and 68?
4
What is the greatest common divisor of 304830 and 255?
15
What is the highest common factor of 1148996 and 265472?
4148
What is the greatest common divisor of 2451 and 27303?
57
What is the greatest common divisor of 230 and 3984382?
46
What is the greatest common divisor of 27569688 and 12?
12
What is the greatest common factor of 83075 and 76475?
25
Calculate the highest common factor of 17550 and 2384200.
650
Calculate the highest common factor of 107 and 1013581147.
107
Calculate the highest common divisor of 2945384 and 97409.
1651
What is the highest common divisor of 24452 and 278?
2
Calculate the highest common factor of 551332 and 8.
4
What is the greatest common factor of 39728 and 9121632?
208
What is the highest common factor of 1604950 and 1950?
50
Calculate the greatest common factor of 19699225 and 7644.
637
What is the highest common factor of 9051849 and 81?
9
Calculate the greatest common factor of 8243108 and 184.
92
What is the highest common factor of 100932 and 4524?
156
Calculate the highest common divisor of 192 and 147419364.
12
Calculate the greatest common factor of 5847903 and 1416.
177
What is the highest common factor of 1170 and 36582390?
1170
What is the greatest common divisor of 85 and 5586069695?
85
What is the greatest common divisor of 25796392 and 1832?
1832
Calculate the greatest common factor of 275416 and 10034.
346
What is the highest common divisor of 73604242 and 12678?
4226
Calculate the greatest common divisor of 225368 and 99528.
1144
Calculate the greatest common divisor of 2347998 and 1157.
89
W